st the prime factors of 28323.
3, 1049
List the prime factors of 40895.
5, 8179
List the prime factors of 18812.
2, 4703
List the prime factors of 12015.
3, 5, 89
What are the prime factors of 8737?
8737
What are the prime factors of 45382?
2, 22691
List the prime factors of 1302.
2, 3, 7, 31
List the prime factors of 2473.
2473
What are the prime factors of 4150?
2, 5, 83
List the prime factors of 780.
2, 3, 5, 13
List the prime factors of 4415.
5, 883
What are the prime factors of 30916?
2, 59, 131
What are the prime factors of 1428?
2, 3, 7, 17
List the prime factors of 4993.
4993
What are the prime factors of 163209?
3, 54403
List the prime factors of 30193.
109, 277
List the prime factors of 1718.
2, 859
What are the prime factors of 850?
2, 5, 17
What are the prime factors of 27600?
2, 3, 5, 23
List the prime factors of 5822.
2, 41, 71
What are the prime factors of 819?
3, 7, 13
List the prime factors of 708.
2, 3, 59
What are the prime factors of 781?
11, 71
List the prime factors of 855.
3, 5, 19
List the prime factors of 1288.
2, 7, 23
What are the prime factors of 3823?
3823
List the prime factors of 2638.
2, 1319
What are the prime factors of 43336?
2, 5417
What are the prime factors of 9670?
2, 5, 967
List the prime factors of 18451.
18451
List the prime factors of 621.
3, 23
List the prime factors of 10548.
2, 3, 293
What are the prime factors of 10507?
7, 19, 79
What are the prime factors of 30383?
23, 1321
List the prime factors of 636.
2, 3, 53
List the prime factors of 1284.
2, 3, 107
What are the prime factors of 8800?
2, 5, 11
List the prime factors of 57031.
13, 41, 107
What are the prime factors of 966?
2, 3, 7, 23
What are the prime factors of 1205?
5, 241
List the prime factors of 4968.
2, 3, 23
What are the prime factors of 58552?
2, 13, 563
What are the prime factors of 25853?
103, 251
What are the prime factors of 4499?
11, 409
What are the prime factors of 1288?
2, 7, 23
List the prime factors of 22608.
2, 3, 157
What are the prime factors of 2754?
2, 3, 17
List the prime factors of 529.
23
What are the prime factors of 116672?
2, 1823
List the prime factors of 12203.
12203
List the prime factors of 1180.
2, 5, 59
List the prime factors of 1237.
1237
What are the prime factors of 26926?
2, 13463
List the prime factors of 4136.
2, 11, 47
List the prime factors of 1312.
2, 41
What are the prime factors of 3887?
13, 23
What are the prime factors of 72330?
2, 3, 5, 2411
What are the prime factors of 16306?
2, 31, 263
List the prime factors of 442.
2, 13, 17
List the prime factors of 2894.
2, 1447
List the prime factors of 76.
2, 19
List the prime factors of 145506.
2, 3, 24251
List the prime factors of 22098.
2, 3, 29, 127
What are the prime factors of 69032?
2, 8629
What are the prime factors of 26613?
3, 2957
What are the prime factors of 3459?
3, 1153
List the prime factors of 280.
2, 5, 7
What are the prime factors of 5525?
5, 13, 17
List the prime factors of 74.
2, 37
What are the prime factors of 127?
127
What are the prime factors of 691?
691
What are the prime factors of 16492?
2, 7, 19, 31
What are the prime factors of 2444?
2, 13, 47
List the prime factors of 9513.
3, 7, 151
List the prime factors of 18374.
2, 9187
List the prime factors of 12109.
12109
List the prime factors of 18361.
7, 43, 61
What are the prime factors of 7734?
2, 3, 1289
List the prime factors of 859.
859
What are the prime factors of 4844?
2, 7, 173
List the prime factors of 4634.
2, 7, 331
What are the prime factors of 22756?
2, 5689
List the prime factors of 1930.
2, 5, 193
What are the prime factors of 17462?
2, 8731
List the prime factors of 147728.
2, 7, 1319
What are the prime factors of 33398?
2, 16699
List the prime factors of 515.
5, 103
What are the prime factors of 40051?
11, 331
What are the prime factors of 169?
13
List the prime factors of 3123.
3, 347
List the prime factors of 65.
5, 13
What are the prime factors of 2655?
3, 5, 59
List the prime factors of 389.
389
List the prime factors of 10197.
3, 11, 103
List the prime factors of 413.
7, 59
What are the prime factors of 46411?
46411
List the prime factors of 11876.
2, 2969
List the prime factors of 20445.
3, 5, 29, 47
What are the prime factors of 5948?
2, 1487
What are the prime factors of 1001?
7, 11, 13
What are the prime factors of 4226?
2, 2113
What are the prime factors of 2026?
2, 1013
List the prime factors of 135.
3, 5
List the prime factors of 37600.
2, 5, 47
What are the prime factors of 1086?
2, 3, 181
List the prime factors of 84997.
11, 7727
What are the prime factors of 66996?
2, 3, 1861
What are the prime factors of 98?
2, 7
List the prime factors of 26572.
2, 7, 13, 73
What are the prime factors of 104583?
3, 71, 491
List the prime factors of 34020.
2, 3, 5, 7
What are the prime factors of 2066?
2, 1033
What are the prime factors of 20973?
3, 6991
List the prime factors of 2756.
2, 13, 53
What are the prime factors of 950?
2, 5, 19
List the prime factors of 729.
3
What are the prime factors of 325?
5, 13
List the prime factors of 21746.
2, 83, 131
What are the prime factors of 193?
193
What are the prime factors of 925?
5, 37
List the prime factors of 1030.
2, 5, 103
What are the prime factors of 20997?
3, 2333
List the prime factors of 625.
5
List the prime factors of 1801.
1801
What are the prime factors of 1023?
3, 11, 31
List the prime factors of 476.
2, 7, 17
What are the prime factors of 1265?
5, 11, 23
What are the prime factors of 53833?
13, 41, 101
What are the prime factors of 204?
2, 3, 17
List the prime factors of 82352.
2, 5147
List the prime factors of 62031.
3, 23, 29, 31
What are the prime factors of 13?
13
List the prime factors of 7571.
67, 113
What are the prime factors of 5902?
2, 13, 227
What are the prime factors of 13991?
17, 823
What are the prime factors of 1011?
3, 337
List the prime factors of 794.
2, 397
List the prime factors of 495.
3, 5, 11
List the prime factors of 24475.
5, 11, 89
What are the prime factors of 84026?
2, 42013
What are the prime factors of 4590?
2, 3, 5, 17
What are the prime factors of 3293?
37, 89
What are the prime factors of 21138?
2, 3, 13, 271
List the prime factors of 9703.
31, 313
What are the prime factors of 4570?
2, 5, 457
List the prime factors of 900.
2, 3, 5
List the prime factors of 1657.
1657
List the prime factors of 1881.
3, 11, 19
What are the prime factors of 18632?
2, 17, 137
List the prime factors of 2455.
5, 491
What are the prime factors of 924?
2, 3, 7, 11
List the prime factors of 5109.
3, 13, 131
List the prime factors of 1480.
2, 5, 37
What are the prime factors of 27519?
3, 9173
What are the prime factors of 914?
2, 457
What are the prime factors of 39974?
2, 11, 23, 79
What are the prime factors of 1370?
2, 5, 137
What are the prime factors of 9528?
2, 3, 397
What are the prime factors of 1045?
5, 11, 19
List the prime factors of 498.
2, 3, 83
What are the prime factors of 33153?
3, 43, 257
What are the prime factors of 24268?
2, 6067
List the prime factors of 691.
691
What are the prime factors of 34362?
2, 3, 23, 83
What are the prime factors of 24020?
2, 5, 1201
What are the prime factors of 744?
2, 3, 31
What are the prime factors of 1459?
1459
What are the prime factors of 910?
2, 5, 7, 13
What are the prime factors of 981?
3, 109
List the prime factors of 33868.
2, 8467
List the prime factors of 9561.
3, 3187
List the prime factors of 2975.
5, 7, 17
What are the prime factors of 63691?
63691
What are the prime factors of 401?
401
What are the prime factors of 8378?
2, 59, 71
What are the prime factors of 13675?
5, 547
List the prime factors of 406.
2, 7, 29
List the prime factors of 770.
2, 5, 7, 11
List the prime factors of 514.
2, 257
List the prime factors of 31524.
2, 3, 37, 71
List the prime factors of 12592.
2, 787
List the prime factors of 463.
463
What are the prime factors of 2421?
3, 269
What are the prime factors of 9381?
3, 53, 59
List the prime factors of 1786.
2, 19, 47
What are the prime factors of 580?
2, 5, 29
List the prime factors of 1194.
2, 3, 199
What are the prime factors of 3710?
2, 5, 7, 53
What are the prime factors of 34098?
2, 3, 5683
What are the prime factors of 17?
17
List the prime factors of 17342.
2, 13, 23, 29
What are the prime fa